 prime factors of r?
2
Suppose -459 = -4*k - 3*f, -3*k - 5*f = k - 461. Let s = -58 + 61. Suppose s*j - k = -0*j. List the prime factors of j.
2, 19
Let q be 1868/(-6) - (-4)/(-12)*-1. Let m = q + 501. List the prime factors of m.
2, 5, 19
List the prime factors of ((-360)/14)/(75/(-3500)).
2, 3, 5
Suppose -5*u + 3*z + 30 = 0, -z = 2*u + 2*z + 9. Suppose 5*r = -u*t + r + 62, 2*r = -5*t + 122. List the prime factors of t.
2, 13
Suppose 2871 = 4*z - 2*p - 3757, 5*p = -3*z + 4958. List the prime factors of z.
2, 3, 23
Suppose 3*y = -3, -6*x - 4*y + 20 = -2*x. Suppose -7 = t + 2*b, 3*t + 5*b + 10 = t. Let l = x - t. List the prime factors of l.
3, 7
Suppose -4*c = -3*c - 1. Suppose 389 = -10*j - 851. List the prime factors of c/((-4)/j)*1.
31
Let a be -2 + 1/2*4 - 55. Let l = a + 66. List the prime factors of l.
11
Suppose 3*i - 1 + 4 = 0. Let s be i/(-2) + (-196)/8. Let n = -3 - s. List the prime factors of n.
3, 7
Let p(y) = 37*y - 236. List the prime factors of p(15).
11, 29
Suppose 20 = -5*k - 170. Let n = -14 - k. What are the prime factors of n?
2, 3
Suppose 3*q - 3464 = 4*c, -2*q + 997 + 1327 = c. Suppose 12*i = q - 296. List the prime factors of i.
2, 3
Let k = -5 + 7. Let q(v) = -v - 12*v - v**2 - k + 0*v**2 - 1. What are the prime factors of q(-11)?
19
Suppose 2*a - 688 - 1373 = 3*u, -a + 1032 = -u. List the prime factors of a.
3, 5, 23
Let h be (354/(-9))/(18/(-243)). Suppose -h = -5*o + 154. What are the prime factors of o?
137
Let k be ((3 + -4)*-3)/1. Suppose 0 = k*a + r + 6, -a + 1 = -5*r + 3. List the prime factors of ((-35)/10)/(a/4).
7
Suppose -120*o = -62120 - 162400. List the prime factors of o.
1871
Suppose -27*b + 10513 = 1765. List the prime factors of b.
2, 3
Suppose 0 = -9*v - 13*v + 9768. List the prime factors of v.
2, 3, 37
Suppose 49*w - 23495 = 44*w. List the prime factors of w.
37, 127
Suppose a = 5*a + 3*y - 120, -96 = -4*a + 3*y. Suppose a - 17 = 5*b. What are the prime factors of b?
2
Let b(z) = 6 - 8*z**2 + 3*z**2 + 9*z - 2*z**3 + z**3. Let s be b(-6). What are the prime factors of (-9 - -8)*(s + 0)?
2, 3
Let m be -12*(2 - (-28)/(-12)). Suppose -3*b - 1 = 4*k, m*b - 2 = 3*k + 5. List the prime factors of ((-5)/b + 4)*-47.
47
List the prime factors of 1 + 3 + (-23)/((-253)/14410).
2, 3, 73
Let g(i) = 4*i - 12. Let n be g(4). Let k be 3/18*3*10. Suppose 0*r + 4 = -r + k*x, -4*r - n*x + 104 = 0. List the prime factors of r.
3, 7
Let v = 6 - 6. Suppose 2*k - 6*k = -5*h + 23, v = 3*h - 2*k - 13. Suppose -m + 6 = -h. List the prime factors of m.
3
Let v = 367 - 162. Suppose -v = l - 6*l. Let i = 67 - l. List the prime factors of i.
2, 13
Let k(n) = n**3 - 3*n**2 - 2*n + 6. Let s be k(4). Suppose -5*d - w = w - s, 4*d - 5*w = -2. Suppose -3*p + 31 = -d*p. List the prime factors of p.
31
Let k(o) = 77*o**2 + 28*o + 13. List the prime factors of k(-4).
11, 103
Let f(l) = 43*l**2 + 10*l - 10. List the prime factors of f(3).
11, 37
Suppose 0 = -4*p + 2*u + 10, 4*u + 5 - 37 = -5*p. Suppose -5*s = v - 299, 0 = 4*s - p*v - 88 - 156. What are the prime factors of s?
2, 3, 5
Suppose -88 = -s + c, 3*s - 233 - 32 = 4*c. Let q = 130 - s. List the prime factors of q.
43
Suppose -12*i + 12 = -15*i. Let o be -3*(i/6 + -1). Suppose -15 = -3*r + j + 2*j, -o*j - 13 = -3*r. List the prime factors of r.
2, 3
Suppose o - 23 = -3*u, 5*u - 3*o - 24 = 5. Let p = 10 - u. Suppose -p*m + 18 = -m. List the prime factors of m.
3
Let k = 16 - 12. Suppose -k*a = -5*a. List the prime factors of 16 + a + (1 - 2).
3, 5
Let p(o) = o**2 + 5*o + 5. Let y be p(-6). Let g = y - -2. Suppose 3*k - 2 = g. List the prime factors of k.
5
Let y = 27 + -24. Let g be (-2)/10 - 63/(-15). Suppose -2*n + 46 = -2*d, 4*n - y*d = -g + 93. What are the prime factors of n?
2, 5
Let w be 6/12 + 7/2. Suppose -3*m = -5*j + 20, -4*j + 9 = -w*m + 3*m. Suppose -2*f + j = -7. List the prime factors of f.
2
List the prime factors of 13851/12 + (-35)/28.
1153
Let g = 337 + 503. What are the prime factors of g?
2, 3, 5, 7
Suppose 2*u + 2*u = -2*d + 48, -2*d = -3*u - 48. Suppose g = d - 16. What are the prime factors of g?
2
Suppose 24126 = 12*v - 846. List the prime factors of v.
2081
Let g(y) = y**3 - 13*y**2 + 15*y. Let j be g(10). Let u = -83 - j. List the prime factors of u.
67
Suppose 0 = u - 4*i - 2510, 2*u + 922 = -2*i + 5982. List the prime factors of u.
2, 3, 421
Suppose -3*u - 1 + 10 = 0. Suppose 5*h + u*h - 16 = 0. List the prime factors of h.
2
Suppose 6 = 4*m + 2*m. List the prime factors of ((-392)/(-12) + m)*3 + 4.
3, 5, 7
Let w(t) = 3*t**2 + 5*t - 9. List the prime factors of w(-7).
103
Let u = -742 - -1798. List the prime factors of u.
2, 3, 11
Suppose 7 = -3*p - 2, k - 5*p = 584. Let u = k - 380. What are the prime factors of u?
3, 7
Let j(n) be the first derivative of 3*n**2/2 - 6*n + 98. Let z = -5 - -11. List the prime factors of j(z).
2, 3
Let q = -1 - -3. Let u(r) = -38*r + 1. Let w be u(-1). Suppose -5*m = 3*k - q*k - 21, w = 5*k + 3*m. What are the prime factors of k?
2, 3
Let m(t) = t**3 - 7*t**2 - 14*t + 5. Let j(d) = -5*d - 4. Let o be j(-8). Suppose l - o + 27 = 0. List the prime factors of m(l).
41
Let j(n) = n**3 + 2*n**2 - 2*n + 4. Let r be j(-3). Let c be r/4 + 390/8. Let q = -6 + c. What are the prime factors of q?
43
Let k(f) = 38*f - 153. What are the prime factors of k(17)?
17, 29
Let a be 129/15 + -4 - 6/(-15). Let k be 2/(-2)*0*1. Suppose a*j - 40 = -k*j. What are the prime factors of j?
2
Let f(q) = -15*q - 16. Let n(h) = 44*h + 47. Let v(a) = 8*f(a) + 3*n(a). List the prime factors of v(7).
97
Let c = 31 - -151. Suppose 0 = 2*n - 2*j - 212, -4*j = 3*n - c - 136. List the prime factors of n.
2, 53
Let q(k) = 7*k - 10. Let c(x) = 27*x - 39. Let n(j) = -4*c(j) + 15*q(j). Suppose -2*r = -7*r - 35. What are the prime factors of n(r)?
3
Let b be (4/(-7))/(2 + 32/(-14)). List the prime factors of (b + 2)*1 - -27.
31
Let y(k) = 5*k - 7. Let x be y(2). Suppose -2*a - x + 113 = 0. What are the prime factors of a?
5, 11
Let w(v) = v**3 - 3*v**2 - 12*v + 10. Let n be w(5). Suppose n = -4*t + 2*t + 46. What are the prime factors of t?
23
Suppose h - 652 = -3*i, i - 1328 = -2*h + 3*i. List the prime factors of h.
661
Suppose 4 + 10 = 3*w - j, -5*w + 40 = -5*j. What are the prime factors of -3*194/(-3) - w?
191
Let m(i) = i**3 - 2*i**2 + 2*i - 4. Let g(j) = -j**2 - 1. Let b(z) = -3*g(z) + m(z). Let o be b(-2). What are the prime factors of (-1468)/(-36) + (-2)/o?
41
Let r = 784 - 494. Let k = r + -202. Suppose k = m + m. What are the prime factors of m?
2, 11
Let h(m) = 10*m**2 - 69*m + 70. List the prime factors of h(22).
2, 53
Let c(l) be the first derivative of -19*l**4/4 - 2*l**3/3 - 5. What are the prime factors of c(-2)?
2, 3
Let t = -88 - -91. Suppose 0 = t*x - 9 - 0, -2*x - 518 = -4*l. List the prime factors of l.
131
Let k(b) = -12*b**2 + 17*b - 8. Let g(h) = -h**2 - 1. Let u(d) = 5*g(d) - k(d). What are the prime factors of u(5)?
3, 31
Suppose -10*y + 6*y = -48. Suppose 380 = y*v - 7*v. What are the prime factors of v?
2, 19
Let u be -215*(-4)/(-4)*2. List the prime factors of (u/50)/((-1)/5).
43
Let c(n) = 5*n**2 + 5*n - 119. List the prime factors of c(23).
19, 139
Let p(f) = -f**3 + 9*f**2 - 7*f - 3. Let d be p(8). Suppose c + 5 = -c - d*i, 4*i + 4 = 0. Suppose 4*q - 3*q - 2 = c. List the prime factors of q.
2
Let y be (-28)/(2/(-2 + 1)). Suppose 0 = 5*k - 3*l + 34, -3*l = -2*k + 3*k + y. Let a(z) = -3*z - 1. List the prime factors of a(k).
23
Let i = 194 + -154. Suppose -73 = 4*h - 4*o - 1, 4*o + 4 = 0. Let k = h + i. What are the prime factors of k?
3, 7
What are the prime factors of ((-12)/(-9))/(2/1101)?
2, 367
Let k be ((5 - -22) + -7)*1. Let a = 2 + 0. Suppose 4*y = a*b + k, b - 25 = -5*y - 2*b. List the prime factors of y.
5
Let k(d) = 7*d + 41. Let h be k(-5). Suppose 2*n = -5*s + 2*s + 495, h = -2*s. What are the prime factors of n?
2, 3, 7
Let v = -12 + 11. What are the prime factors of 42/(-2)*(-4 - v)?
3, 7
Let g(s) = -s**2 - 4*s - 2. Let u(y) = 1. Let c(a) = -g(a) - 3*u(a). Let h = 1 - 11. List the prime factors of c(h).
59
Let j = 10 + -7. Suppose 0 = -0*p + j*p + 3. Let s = 7 - p. List the prime factors of s.
2
Suppose 2*x + 10 = -3*g + x, 4*g = -4*x. Suppose 9*q - 111 = -498. Let v = g - q. What are the prime factors of v?
2